{"id":2189,"date":"2024-01-19T21:55:49","date_gmt":"2024-01-20T00:55:49","guid":{"rendered":"https:\/\/depositoduarte.com.br\/?page_id=2189"},"modified":"2024-01-19T21:59:22","modified_gmt":"2024-01-20T00:59:22","slug":"pagina-em-manutencao","status":"publish","type":"page","link":"https:\/\/depositoduarte.com.br\/index.php\/pagina-em-manutencao\/","title":{"rendered":"P\u00e1gina em Manuten\u00e7\u00e3o"},"content":{"rendered":"\t\t<div data-elementor-type=\"wp-page\" data-elementor-id=\"2189\" class=\"elementor elementor-2189\">\n\t\t\t\t\t\t\t<div class=\"elementor-element elementor-element-73601ea e-flex e-con-boxed e-con e-parent\" data-id=\"73601ea\" data-element_type=\"container\" data-settings=\"{&quot;content_width&quot;:&quot;boxed&quot;}\" data-core-v316-plus=\"true\">\n\t\t\t\t\t<div class=\"e-con-inner\">\n\t\t\t\t<div class=\"elementor-element elementor-element-2cf0ad2 elementor-widget elementor-widget-image\" data-id=\"2cf0ad2\" data-element_type=\"widget\" data-widget_type=\"image.default\">\n\t\t\t\t<div class=\"elementor-widget-container\">\n\t\t\t<style>\/*! elementor - v3.18.0 - 20-12-2023 *\/\n.elementor-widget-image{text-align:center}.elementor-widget-image a{display:inline-block}.elementor-widget-image a img[src$=\".svg\"]{width:48px}.elementor-widget-image img{vertical-align:middle;display:inline-block}<\/style>\t\t\t\t\t\t\t\t\t\t\t\t<img fetchpriority=\"high\" decoding=\"async\" width=\"768\" height=\"624\" src=\"https:\/\/depositoduarte.com.br\/wp-content\/uploads\/2024\/01\/SITE-EM-MANUTENCAO-768x624.png\" class=\"attachment-medium_large size-medium_large wp-image-2191\" alt=\"\" srcset=\"https:\/\/depositoduarte.com.br\/wp-content\/uploads\/2024\/01\/SITE-EM-MANUTENCAO-768x624.png 768w, https:\/\/depositoduarte.com.br\/wp-content\/uploads\/2024\/01\/SITE-EM-MANUTENCAO-300x244.png 300w, https:\/\/depositoduarte.com.br\/wp-content\/uploads\/2024\/01\/SITE-EM-MANUTENCAO-1024x833.png 1024w, https:\/\/depositoduarte.com.br\/wp-content\/uploads\/2024\/01\/SITE-EM-MANUTENCAO-800x650.png 800w, https:\/\/depositoduarte.com.br\/wp-content\/uploads\/2024\/01\/SITE-EM-MANUTENCAO.png 1027w\" sizes=\"(max-width: 768px) 100vw, 768px\" \/>\t\t\t\t\t\t\t\t\t\t\t\t\t\t\t<\/div>\n\t\t\t\t<\/div>\n\t\t\t\t\t<\/div>\n\t\t\t\t<\/div>\n\t\t\t\t\t\t\t<\/div>\n\t\t","protected":false},"excerpt":{"rendered":"","protected":false},"author":1,"featured_media":0,"parent":0,"menu_order":0,"comment_status":"closed","ping_status":"closed","template":"elementor_canvas","meta":{"inline_featured_image":false,"footnotes":""},"_links":{"self":[{"href":"https:\/\/depositoduarte.com.br\/index.php\/wp-json\/wp\/v2\/pages\/2189"}],"collection":[{"href":"https:\/\/depositoduarte.com.br\/index.php\/wp-json\/wp\/v2\/pages"}],"about":[{"href":"https:\/\/depositoduarte.com.br\/index.php\/wp-json\/wp\/v2\/types\/page"}],"author":[{"embeddable":true,"href":"https:\/\/depositoduarte.com.br\/index.php\/wp-json\/wp\/v2\/users\/1"}],"replies":[{"embeddable":true,"href":"https:\/\/depositoduarte.com.br\/index.php\/wp-json\/wp\/v2\/comments?post=2189"}],"version-history":[{"count":4,"href":"https:\/\/depositoduarte.com.br\/index.php\/wp-json\/wp\/v2\/pages\/2189\/revisions"}],"predecessor-version":[{"id":2194,"href":"https:\/\/depositoduarte.com.br\/index.php\/wp-json\/wp\/v2\/pages\/2189\/revisions\/2194"}],"wp:attachment":[{"href":"https:\/\/depositoduarte.com.br\/index.php\/wp-json\/wp\/v2\/media?parent=2189"}],"curies":[{"name":"wp","href":"https:\/\/api.w.org\/{rel}","templated":true}]}}